{"id":867,"date":"2021-07-06T07:29:44","date_gmt":"2021-07-06T07:29:44","guid":{"rendered":"http:\/\/billingenslanglopp.se\/?page_id=867"},"modified":"2025-10-25T18:13:13","modified_gmt":"2025-10-25T18:13:13","slug":"resa-hit","status":"publish","type":"page","link":"https:\/\/billingenslanglopp.se\/index.php\/resa-hit\/","title":{"rendered":"Resa &#038; Boende"},"content":{"rendered":"\n<p><strong>Bo i direkt anslutning till skidsp\u00e5re<\/strong>n<\/p>\n\n\n\n<p>Med en otrolig utsikt \u00f6ver V\u00e4stg\u00f6tasl\u00e4tten, p\u00e5 yttersta kanten av berget Billingen finner du Hotell Billingehus. Kliv in till en varm och vacker hotellmilj\u00f6 d\u00e4r b\u00e5de avkoppling och aktivitet r\u00e5der. Hotellrummen har h\u00f6g mysfaktor och du kan v\u00e4lja bland olika rumskategorier med varierande storlek och egenskaper \u2013 ibland \u00e4r endast det b\u00e4sta gott nog<\/p>\n\n\n\n<p>I samarbete med Hotell Billingehus kan vi erbjuda l\u00e5ngloppspaket till oslagbara priser.<\/p>\n\n\n\n<p>Se alla paket och boenden <a href=\"https:\/\/billingehus.com\/erbjudanden\/langloppspaket\/\" data-type=\"link\" data-id=\"https:\/\/billingehus.com\/erbjudanden\/langloppspaket\/\" target=\"_blank\" rel=\"noreferrer noopener\">H\u00c4R<\/a><\/p>\n\n\n\n<div style=\"height:31px\" aria-hidden=\"true\" class=\"wp-block-spacer\"><\/div>\n\n\n\n<p><strong>L\u00e5ngloppspaket Dam 1 natt<\/strong><\/p>\n\n\n\n<p>Ankomst fredag den 30:e januari 2026<\/p>\n\n\n\n<p><strong>I paketet ing\u00e5r:<\/strong><\/p>\n\n\n\n<ul class=\"wp-block-list\">\n<li>\u00d6vernattning inklusive v\u00e5r stora frukostbuff\u00e9<\/li>\n\n\n\n<li>Incheckning kl. 15.00<\/li>\n\n\n\n<li>Startplats damloppet<\/li>\n\n\n\n<li>Valfri r\u00e4tt fr\u00e5n v\u00e5r bistromeny<\/li>\n\n\n\n<li>V\u00e4lj \u00f6nskad sittningstid f\u00f6r bistror\u00e4tt<\/li>\n\n\n\n<li>Ett glas bubbel<\/li>\n\n\n\n<li>Tillg\u00e5ng till gym &amp; bastu (ej spa)<\/li>\n<\/ul>\n\n\n\n<p>En kod f\u00f6r att boka din plats i L\u00e5ngloppet skickas p\u00e5 mail efter att du bokat.<\/p>\n\n\n\n<p><strong>Pris fr\u00e5n 2140:-\/person i delat dubbelrum\u00a0<\/strong><\/p>\n\n\n\n<p><a href=\"https:\/\/boka.billingehus.com\/package\/package-details\/langloppspaket-dam?_gl=1*sjawvl*_gcl_au*NDg2OTE3MjA4LjE3NTc1ODA4NjI.*_ga*MTg0MTM2NDcwMi4xNzU3NTgwODYy*_ga_YDFND2JCGS*czE3NjAzNDE1MTEkbzQkZzEkdDE3NjAzNDE2MjEkajU1JGwwJGgxMDg2Mzc2MjAx\" target=\"_blank\" rel=\"noreferrer noopener\">BOKA H\u00c4R<\/a><\/p>\n\n\n\n<div style=\"height:31px\" aria-hidden=\"true\" class=\"wp-block-spacer\"><\/div>\n\n\n\n<p><strong>L\u00e5ngloppspaket 1 natt<\/strong><\/p>\n\n\n\n<p>Ankomst fredag den 30:e eller l\u00f6rdag 31 januari 2026<\/p>\n\n\n\n<p><strong>I paketet ing\u00e5r:<\/strong><\/p>\n\n\n\n<ul class=\"wp-block-list\">\n<li>\u00d6vernattning inklusive v\u00e5r stora frukostbuff\u00e9<\/li>\n\n\n\n<li>Incheckning kl. 15.00<\/li>\n\n\n\n<li>Startplats l\u00e5nglopp<\/li>\n\n\n\n<li>Valfri r\u00e4tt fr\u00e5n v\u00e5r bistromeny<\/li>\n\n\n\n<li>V\u00e4lj \u00f6nskad sittningstid f\u00f6r bistror\u00e4tt<\/li>\n\n\n\n<li>Tillg\u00e5ng till gym &amp; bastu (ej spa)<\/li>\n<\/ul>\n\n\n\n<p>En kod f\u00f6r att boka din plats i L\u00e5ngloppet skickas p\u00e5 mail efter att du bokat.<\/p>\n\n\n\n<p><strong>Pris fr\u00e5n 2140:-\/person i delat dubbelrum&nbsp;<\/strong><\/p>\n\n\n\n<p><a href=\"https:\/\/boka.billingehus.com\/package\/package-details\/langloppspaket?_gl=1*798qw0*_gcl_au*NDg2OTE3MjA4LjE3NTc1ODA4NjI.*_ga*MTg0MTM2NDcwMi4xNzU3NTgwODYy*_ga_YDFND2JCGS*czE3NjAzNDE1MTEkbzQkZzEkdDE3NjAzNDE5NTgkajYwJGwwJGgxMDg2Mzc2MjAx\" target=\"_blank\" rel=\"noreferrer noopener\">BOKA H\u00c4R<\/a><\/p>\n\n\n\n<div style=\"height:31px\" aria-hidden=\"true\" class=\"wp-block-spacer\"><\/div>\n\n\n\n<p><strong>L\u00e5ngloppspaket Lyx 2 n\u00e4tter<\/strong><\/p>\n\n\n\n<p>L\u00f6rdag 31 januari\u2013s\u00f6ndag 2 februari 2025<\/p>\n\n\n\n<p><strong>I paketet ing\u00e5r:<\/strong><\/p>\n\n\n\n<ul class=\"wp-block-list\">\n<li>\u00d6vernattning inklusive v\u00e5r stora frukostbuff\u00e9<\/li>\n\n\n\n<li>Incheckning kl. 15.00<\/li>\n\n\n\n<li>Startplats l\u00e5nglopp<\/li>\n\n\n\n<li>Tillg\u00e5ng till spa under fyra timmar<\/li>\n\n\n\n<li>Valfri r\u00e4tt fr\u00e5n v\u00e5r bistromeny<\/li>\n\n\n\n<li>V\u00e4lj \u00f6nskad sittningstid f\u00f6r bistror\u00e4tt<\/li>\n\n\n\n<li>En 3-r\u00e4tters middag<\/li>\n\n\n\n<li>V\u00e4lj \u00f6nskad sittningstid f\u00f6r 3-r\u00e4tters<\/li>\n\n\n\n<li>L\u00e5n av badrock och tofflor<\/li>\n\n\n\n<li>Detta paket har 15-\u00e5rsgr\u00e4ns<\/li>\n<\/ul>\n\n\n\n<p>En kod f\u00f6r att boka din plats i L\u00e5ngloppet skickas p\u00e5 mail efter att du bokat.<\/p>\n\n\n\n<p><strong>Pris fr\u00e5n 3940:-\/person i delat dubbelrum<\/strong><\/p>\n\n\n\n<p><a href=\"https:\/\/boka.billingehus.com\/package\/package-details\/langloppspaket-2natter?_gl=1*djrkwv*_gcl_au*NDg2OTE3MjA4LjE3NTc1ODA4NjI.*_ga*MTg0MTM2NDcwMi4xNzU3NTgwODYy*_ga_YDFND2JCGS*czE3NjAzNDE1MTEkbzQkZzEkdDE3NjAzNDIwNDQkajU5JGwwJGgxMDg2Mzc2MjAx\" data-type=\"link\" data-id=\"https:\/\/billingehus.com\/hotellet\/\" target=\"_blank\" rel=\"noreferrer noopener\">BOKA H\u00c4R<\/a><\/p>\n\n\n\n<figure class=\"wp-block-image size-large is-resized\"><a href=\"https:\/\/www.billingehus.com\/erbjudanden\/langloppspaket\/\" target=\"_blank\" rel=\" noreferrer noopener\"><img loading=\"lazy\" decoding=\"async\" width=\"1024\" height=\"576\" src=\"https:\/\/billingenslanglopp.se\/wp-content\/uploads\/2024\/12\/1-1024x576.png\" alt=\"\" class=\"wp-image-1659\" style=\"width:840px;height:453px\" srcset=\"https:\/\/billingenslanglopp.se\/wp-content\/uploads\/2024\/12\/1-1024x576.png 1024w, https:\/\/billingenslanglopp.se\/wp-content\/uploads\/2024\/12\/1-300x169.png 300w, https:\/\/billingenslanglopp.se\/wp-content\/uploads\/2024\/12\/1-768x432.png 768w, https:\/\/billingenslanglopp.se\/wp-content\/uploads\/2024\/12\/1-1536x864.png 1536w\" sizes=\"auto, (max-width: 1024px) 100vw, 1024px\" \/><\/a><\/figure>\n\n\n\n<div style=\"height:31px\" aria-hidden=\"true\" class=\"wp-block-spacer\"><\/div>\n\n\n\n<p><strong>Resa till Billingen<\/strong><\/p>\n\n\n\n<p>Res till Sk\u00f6vde med t\u00e5g: <a rel=\"noreferrer noopener\" href=\"https:\/\/www.sj.se\/#\/\" target=\"_blank\">SJ<\/a><\/p>\n\n\n\n<p>Buss fr\u00e5n Sk\u00f6vde Centralstation till Billingen: <a rel=\"noreferrer noopener\" href=\"https:\/\/www.vasttrafik.se\/reseplanering\/tidtabeller\/linje\/9011014306800000\/\" target=\"_blank\">V\u00e4sttrafik Linje 8 Resecentrum-Billingen<\/a><\/p>\n\n\n\n<p>Bussen g\u00e5r var 30:e minut via Lumbergatan, Falkv\u00e4gen, Brandtorpsv\u00e4gen och Alphyddev\u00e4gen upp till Billingen<\/p>\n\n\n\n<p>Med bil:<\/p>\n\n\n\n<div class=\"wp-block-jetpack-contact-info\">\n\n\n\n\n<div class=\"wp-block-jetpack-address\"><a href=\"https:\/\/www.google.com\/maps\/search\/Alphyddev\u00e4gen,+Sk\u00f6vde,+541+33+Sverige\" target=\"_blank\" rel=\"noopener noreferrer\" title=\"\u00d6ppna adress i Google Maps\"><div class=\"jetpack-address__address jetpack-address__address1\">Alphyddev\u00e4gen<\/div><div><span class=\"jetpack-address__city\">Sk\u00f6vde<\/span>, <span class=\"jetpack-address__region\"><\/span> <span class=\"jetpack-address__postal\">541 33<\/span><\/div><div class=\"jetpack-address__country\">Sverige<\/div><\/a><\/div>\n<\/div>\n","protected":false},"excerpt":{"rendered":"<p>Bo i direkt anslutning till skidsp\u00e5ren Med en otrolig utsikt \u00f6ver V\u00e4stg\u00f6tasl\u00e4tten, p\u00e5 yttersta kanten av berget Billingen finner du Hotell Billingehus. Kliv in till en varm och vacker hotellmilj\u00f6 d\u00e4r b\u00e5de avkoppling och aktivitet r\u00e5der. Hotellrummen har h\u00f6g mysfaktor och du kan v\u00e4lja bland olika rumskategorier med varierande storlek och egenskaper \u2013 ibland \u00e4r [&hellip;]<\/p>\n","protected":false},"author":1,"featured_media":1217,"parent":0,"menu_order":0,"comment_status":"closed","ping_status":"closed","template":"","meta":{"footnotes":""},"class_list":["post-867","page","type-page","status-publish","has-post-thumbnail","hentry"],"jetpack_sharing_enabled":true,"_links":{"self":[{"href":"https:\/\/billingenslanglopp.se\/index.php\/wp-json\/wp\/v2\/pages\/867","targetHints":{"allow":["GET"]}}],"collection":[{"href":"https:\/\/billingenslanglopp.se\/index.php\/wp-json\/wp\/v2\/pages"}],"about":[{"href":"https:\/\/billingenslanglopp.se\/index.php\/wp-json\/wp\/v2\/types\/page"}],"author":[{"embeddable":true,"href":"https:\/\/billingenslanglopp.se\/index.php\/wp-json\/wp\/v2\/users\/1"}],"replies":[{"embeddable":true,"href":"https:\/\/billingenslanglopp.se\/index.php\/wp-json\/wp\/v2\/comments?post=867"}],"version-history":[{"count":35,"href":"https:\/\/billingenslanglopp.se\/index.php\/wp-json\/wp\/v2\/pages\/867\/revisions"}],"predecessor-version":[{"id":2042,"href":"https:\/\/billingenslanglopp.se\/index.php\/wp-json\/wp\/v2\/pages\/867\/revisions\/2042"}],"wp:featuredmedia":[{"embeddable":true,"href":"https:\/\/billingenslanglopp.se\/index.php\/wp-json\/wp\/v2\/media\/1217"}],"wp:attachment":[{"href":"https:\/\/billingenslanglopp.se\/index.php\/wp-json\/wp\/v2\/media?parent=867"}],"curies":[{"name":"wp","href":"https:\/\/api.w.org\/{rel}","templated":true}]}}