{"id":1287,"date":"2023-12-18T10:44:44","date_gmt":"2023-12-18T10:44:44","guid":{"rendered":"https:\/\/billingenslanglopp.se\/?page_id=1287"},"modified":"2026-01-30T21:45:28","modified_gmt":"2026-01-30T21:45:28","slug":"live","status":"publish","type":"page","link":"https:\/\/billingenslanglopp.se\/index.php\/live\/","title":{"rendered":"Live"},"content":{"rendered":"\n<p><a href=\"https:\/\/live.eqtiming.com\/80049\">LIVE RESULTAT 2026<\/a> (fredag)<\/p>\n\n\n\n<p><a href=\"https:\/\/live.eqtiming.com\/80048\">LIVE RESULTAT 2026<\/a> (l\u00f6rdag)<\/p>\n\n\n\n<p><a href=\"https:\/\/live.eqtiming.com\/80047\">LIVE RESULTAT 2026<\/a> (s\u00f6ndag)<\/p>\n\n\n\n<p><a href=\"https:\/\/raceid.com\/sv\/races\/13766\/startlist\">STARTLISTA 2026<\/a><\/p>\n\n\n\n<div style=\"height:60px\" aria-hidden=\"true\" class=\"wp-block-spacer\"><\/div>\n\n\n\n<p><strong>ARKIV<\/strong><\/p>\n\n\n\n<p><a href=\"https:\/\/live.eqtiming.com\/73155\">RESULTAT T\u00c4VLING 2025<\/a><\/p>\n\n\n\n<p><a href=\"https:\/\/live.eqtiming.com\/73156\">RESULTAT MOTION 2025<\/a><\/p>\n\n\n\n<p><a href=\"https:\/\/live.eqtiming.com\/68818\" target=\"_blank\" rel=\"noreferrer noopener\">RESULTAT 2024<\/a><\/p>\n\n\n\n<p><a href=\"https:\/\/live.eqtiming.com\/64253\">RESULTAT 2023<\/a><\/p>\n\n\n\n<p><a href=\"https:\/\/live.eqtiming.com\/59449\">RESULTAT 2022<\/a><\/p>\n\n\n\n<p><\/p>\n","protected":false},"excerpt":{"rendered":"<p>LIVE RESULTAT 2026 (fredag) LIVE RESULTAT 2026 (l\u00f6rdag) LIVE RESULTAT 2026 (s\u00f6ndag) STARTLISTA 2026 ARKIV RESULTAT T\u00c4VLING 2025 RESULTAT MOTION 2025 RESULTAT 2024 RESULTAT 2023 RESULTAT 2022<\/p>\n","protected":false},"author":1,"featured_media":0,"parent":0,"menu_order":0,"comment_status":"closed","ping_status":"closed","template":"","meta":{"footnotes":""},"class_list":["post-1287","page","type-page","status-publish","hentry"],"jetpack_sharing_enabled":true,"_links":{"self":[{"href":"https:\/\/billingenslanglopp.se\/index.php\/wp-json\/wp\/v2\/pages\/1287","targetHints":{"allow":["GET"]}}],"collection":[{"href":"https:\/\/billingenslanglopp.se\/index.php\/wp-json\/wp\/v2\/pages"}],"about":[{"href":"https:\/\/billingenslanglopp.se\/index.php\/wp-json\/wp\/v2\/types\/page"}],"author":[{"embeddable":true,"href":"https:\/\/billingenslanglopp.se\/index.php\/wp-json\/wp\/v2\/users\/1"}],"replies":[{"embeddable":true,"href":"https:\/\/billingenslanglopp.se\/index.php\/wp-json\/wp\/v2\/comments?post=1287"}],"version-history":[{"count":16,"href":"https:\/\/billingenslanglopp.se\/index.php\/wp-json\/wp\/v2\/pages\/1287\/revisions"}],"predecessor-version":[{"id":2095,"href":"https:\/\/billingenslanglopp.se\/index.php\/wp-json\/wp\/v2\/pages\/1287\/revisions\/2095"}],"wp:attachment":[{"href":"https:\/\/billingenslanglopp.se\/index.php\/wp-json\/wp\/v2\/media?parent=1287"}],"curies":[{"name":"wp","href":"https:\/\/api.w.org\/{rel}","templated":true}]}}